{"id":6313,"date":"2023-08-04T16:44:50","date_gmt":"2023-08-04T16:44:50","guid":{"rendered":"https:\/\/kirche-immenhausen-espenau.de\/?page_id=6313"},"modified":"2024-05-30T09:37:07","modified_gmt":"2024-05-30T09:37:07","slug":"gemeindenachmittag-mariendorf","status":"publish","type":"page","link":"https:\/\/kirche-immenhausen-espenau.de\/?page_id=6313","title":{"rendered":"Gemeindenachmittag Mariendorf"},"content":{"rendered":"<h4><strong>Es ist Leben im Gemeindehaus Mariendorf!<\/strong><\/h4>\n<p><img loading=\"lazy\" decoding=\"async\" class=\" wp-image-6458 alignright\" src=\"https:\/\/kirche-immenhausen-espenau.de\/wp-content\/uploads\/2023\/08\/Gemeindenachmittag-300x228.jpg\" alt=\"\" width=\"415\" height=\"315\" srcset=\"https:\/\/kirche-immenhausen-espenau.de\/wp-content\/uploads\/2023\/08\/Gemeindenachmittag-300x228.jpg 300w, https:\/\/kirche-immenhausen-espenau.de\/wp-content\/uploads\/2023\/08\/Gemeindenachmittag-1024x778.jpg 1024w, https:\/\/kirche-immenhausen-espenau.de\/wp-content\/uploads\/2023\/08\/Gemeindenachmittag-768x584.jpg 768w, https:\/\/kirche-immenhausen-espenau.de\/wp-content\/uploads\/2023\/08\/Gemeindenachmittag.jpg 1536w\" sizes=\"auto, (max-width: 415px) 100vw, 415px\" \/>Daf\u00fcr sorgt unter anderem der Gemeindenachmittag, zu dem der Kirchenvorstand Mariendorf am 2. Donnerstag im Monat einl\u00e4dt von 15 bis 17 Uhr mit einem abwechslungsreichen Programm bestehen aus<\/p>\n<ul>\n<li>thematischen Nachmittagen<\/li>\n<li>offenen Schnuddel- und Spielenachmittagen<\/li>\n<li>und kleinen Ausfl\u00fcgen.<\/li>\n<\/ul>\n<p>Zu den thematischen Nachmittagen, die ebenso offen sind wie die Schnuddelnachmittage, geh\u00f6rt immer ein kulinarisches Angebot, gern Kaffee und Kuchen, f\u00fcr den Leib und ein interessantes, spannendes und oft auch heiteres Thema f\u00fcr die Seele. Dazu werden gern interessante Menschen eingeladen.<\/p>\n<p>Der offene Schnuddel- und Spieletreff ist ein Angebot f\u00fcr alle, die an diesem Nachmittag allein zuhause sitzen. Im Gemeindehaus gibt es ein warmes, nettes Pl\u00e4tzchen, Zeit zum Schnuddeln und f\u00fcr Spiele. Wer sich dabei st\u00e4rken m\u00f6chte, bringt sich einfach etwas mit.<\/p>\n<p>Die kleinen Ausfl\u00fcge &#8211; in die nicht allzu weite Umgebung &#8211; werden in der Regel mit drei Kleinbussen unternommen. Mittags geht\u2019s los zum Beispiel zu einem Besuch der Landesgartenschau in H\u00f6xter. Nach vielen Eindr\u00fccken darf nat\u00fcrlich ein Caf\u00e9besuch nicht fehlen. Mit einem kleinen Kostenbeitrag und rechtzeitiger Anmeldung ist jeder dabei, der gern etwas unternimmt.<\/p>\n<p>Egal ob thematischer Nachmittag, Schnuddeltreff oder Ausflug \u2013 es freut sich auf regen Besuch der Kirchenvorstand Mariendorf.<\/p>\n<p>Der n\u00e4chsten Termin:<br \/>8. August 2024 &#8211; Pfarrer Ley verabschiedet sich vom Gemeindenachmittag mit einem Programm seiner Wahl.<\/p>\n<p>Kontakt:<br \/>Jutta Finis, Telefon <a href=\"tel:+4956733285\">05673 3285<\/a>, E-Mail:<a href=\"mailto:jutta.finis@ekkw.de\"> jutta.finis(at)ekkw.de<\/a><br \/>Regina Landgrebe, Telefon <a href=\"tel:+4905673925925\">05673 925925<\/a>, E-Mail:<a href=\"mailto:regina.landgrebe@ekkw.de\"> regina.landgrebe(at)ekkw.de<\/a><\/p>\n\n\n<p>&nbsp;<\/p>\n","protected":false},"excerpt":{"rendered":"<p>Es ist Leben im Gemeindehaus Mariendorf! Daf\u00fcr sorgt unter anderem der Gemeindenachmittag, zu dem der Kirchenvorstand Mariendorf am 2. Donnerstag im Monat einl\u00e4dt von 15 bis 17 Uhr mit einem abwechslungsreichen Programm bestehen aus thematischen Nachmittagen offenen Schnuddel- und Spielenachmittagen und kleinen Ausfl\u00fcgen. Zu den thematischen Nachmittagen, die ebenso offen sind wie die Schnuddelnachmittage, geh\u00f6rt&hellip;<\/p>\n","protected":false},"author":7,"featured_media":0,"parent":0,"menu_order":0,"comment_status":"closed","ping_status":"closed","template":"","meta":{"footnotes":""},"class_list":["post-6313","page","type-page","status-publish","hentry","description-off"],"publishpress_future_action":{"enabled":false,"date":"2026-05-13 13:03:00","action":"change-status","newStatus":"draft","terms":[],"taxonomy":"","extraData":[]},"publishpress_future_workflow_manual_trigger":{"enabledWorkflows":[]},"_links":{"self":[{"href":"https:\/\/kirche-immenhausen-espenau.de\/index.php?rest_route=\/wp\/v2\/pages\/6313","targetHints":{"allow":["GET"]}}],"collection":[{"href":"https:\/\/kirche-immenhausen-espenau.de\/index.php?rest_route=\/wp\/v2\/pages"}],"about":[{"href":"https:\/\/kirche-immenhausen-espenau.de\/index.php?rest_route=\/wp\/v2\/types\/page"}],"author":[{"embeddable":true,"href":"https:\/\/kirche-immenhausen-espenau.de\/index.php?rest_route=\/wp\/v2\/users\/7"}],"replies":[{"embeddable":true,"href":"https:\/\/kirche-immenhausen-espenau.de\/index.php?rest_route=%2Fwp%2Fv2%2Fcomments&post=6313"}],"version-history":[{"count":9,"href":"https:\/\/kirche-immenhausen-espenau.de\/index.php?rest_route=\/wp\/v2\/pages\/6313\/revisions"}],"predecessor-version":[{"id":7218,"href":"https:\/\/kirche-immenhausen-espenau.de\/index.php?rest_route=\/wp\/v2\/pages\/6313\/revisions\/7218"}],"wp:attachment":[{"href":"https:\/\/kirche-immenhausen-espenau.de\/index.php?rest_route=%2Fwp%2Fv2%2Fmedia&parent=6313"}],"curies":[{"name":"wp","href":"https:\/\/api.w.org\/{rel}","templated":true}]}}