{"id":6267,"date":"2023-08-04T16:28:22","date_gmt":"2023-08-04T16:28:22","guid":{"rendered":"https:\/\/kirche-immenhausen-espenau.de\/?page_id=6267"},"modified":"2026-03-25T16:17:51","modified_gmt":"2026-03-25T16:17:51","slug":"kinderuebernachtung-nachteule","status":"publish","type":"page","link":"https:\/\/kirche-immenhausen-espenau.de\/?page_id=6267","title":{"rendered":"Kinder\u00fcbernachtung &#8222;Nachteule&#8220;"},"content":{"rendered":"<div class=\"wpb-content-wrapper\"><p>[vc_row][vc_column][vc_column_text css=&#8220;&#8220;]<\/p>\r\n<p><img loading=\"lazy\" decoding=\"async\" class=\" wp-image-6347 alignright\" src=\"https:\/\/kirche-immenhausen-espenau.de\/wp-content\/uploads\/2023\/08\/spielende-Kinder-300x200.jpg\" alt=\"\" width=\"396\" height=\"264\" srcset=\"https:\/\/kirche-immenhausen-espenau.de\/wp-content\/uploads\/2023\/08\/spielende-Kinder-300x200.jpg 300w, https:\/\/kirche-immenhausen-espenau.de\/wp-content\/uploads\/2023\/08\/spielende-Kinder-1024x684.jpg 1024w, https:\/\/kirche-immenhausen-espenau.de\/wp-content\/uploads\/2023\/08\/spielende-Kinder-768x513.jpg 768w, https:\/\/kirche-immenhausen-espenau.de\/wp-content\/uploads\/2023\/08\/spielende-Kinder-1536x1025.jpg 1536w, https:\/\/kirche-immenhausen-espenau.de\/wp-content\/uploads\/2023\/08\/spielende-Kinder-2048x1367.jpg 2048w\" sizes=\"auto, (max-width: 396px) 100vw, 396px\" \/>Die Nachteule ist eine Kinder\u00fcbernachtung, die viertelj\u00e4hrlich von den Kirchengemeinden Hohenkirchen und M\u00f6nchehof veranstaltet wird. Es treffen sich 20-30 Kinder zwischen 6-12 Jahren, um von Freitagnachmittag bis Samstagmittag Spa\u00df an Spielen und Aktionen rund um ein bestimmtes Thema zu haben. Neben dem gemeinsamen Kochen darf nat\u00fcrlich eine Nachtwanderung nicht fehlen. Die Anmeldeb\u00f6gen mit n\u00e4heren Informationen werden 2-3 Wochen vor der Veranstaltung in der Schule, den Gemeindeh\u00e4usern sowie <a href=\"https:\/\/kirche-immenhausen-espenau.de\/wp-content\/uploads\/2026\/03\/Nachteulen_April_2026.png\">hier im Internet<\/a> ver\u00f6ffentlicht.<\/p>\r\n<p>N\u00e4chster Termin:<\/p>\r\n<p>Kontakt:<br \/>Nina Marie Nadolny, Telefon <a href=\"tel:+4917620207733\">176 20207733<\/a>, E-Mail: <a href=\"mailto:ninamarie.nadolny@ekkw.de\">ninamaire.nadolny(at)ekkw.de<\/a><br \/>Arne Marinelli, Telefon <a href=\"tel:+491772634743\">0177 2634743<\/a>, E-Mail: <a href=\"mailto:arne.marinelli@ekkw.de\">arne.marinelli(at)ekkw.de<\/a><br \/>Lisa D\u00f6ring, Telefon <a href=\"tel:+495673914797\">05673 914797<\/a>, E-Mail: <a href=\"mailto:lisa.doering@ekkw.de\">lisa.doering(at)ekkw.de<\/a><\/p>\r\n\r\n<p>\u00a0<\/p>\r\n<p>[\/vc_column_text][\/vc_column][\/vc_row]<\/p><\/div>","protected":false},"excerpt":{"rendered":"<p>[vc_row][vc_column][vc_column_text css=&#8220;&#8220;] Die Nachteule ist eine Kinder\u00fcbernachtung, die viertelj\u00e4hrlich von den Kirchengemeinden Hohenkirchen und M\u00f6nchehof veranstaltet wird. Es treffen sich 20-30 Kinder zwischen 6-12 Jahren, um von Freitagnachmittag bis Samstagmittag Spa\u00df an Spielen und Aktionen rund um ein bestimmtes Thema zu haben. Neben dem gemeinsamen Kochen darf nat\u00fcrlich eine Nachtwanderung nicht fehlen. Die Anmeldeb\u00f6gen mit&hellip;<\/p>\n","protected":false},"author":7,"featured_media":0,"parent":0,"menu_order":0,"comment_status":"closed","ping_status":"closed","template":"","meta":{"footnotes":""},"class_list":["post-6267","page","type-page","status-publish","hentry","description-off"],"publishpress_future_action":{"enabled":false,"date":"2026-05-13 13:05:01","action":"change-status","newStatus":"draft","terms":[],"taxonomy":"","extraData":[]},"publishpress_future_workflow_manual_trigger":{"enabledWorkflows":[]},"_links":{"self":[{"href":"https:\/\/kirche-immenhausen-espenau.de\/index.php?rest_route=\/wp\/v2\/pages\/6267","targetHints":{"allow":["GET"]}}],"collection":[{"href":"https:\/\/kirche-immenhausen-espenau.de\/index.php?rest_route=\/wp\/v2\/pages"}],"about":[{"href":"https:\/\/kirche-immenhausen-espenau.de\/index.php?rest_route=\/wp\/v2\/types\/page"}],"author":[{"embeddable":true,"href":"https:\/\/kirche-immenhausen-espenau.de\/index.php?rest_route=\/wp\/v2\/users\/7"}],"replies":[{"embeddable":true,"href":"https:\/\/kirche-immenhausen-espenau.de\/index.php?rest_route=%2Fwp%2Fv2%2Fcomments&post=6267"}],"version-history":[{"count":17,"href":"https:\/\/kirche-immenhausen-espenau.de\/index.php?rest_route=\/wp\/v2\/pages\/6267\/revisions"}],"predecessor-version":[{"id":8264,"href":"https:\/\/kirche-immenhausen-espenau.de\/index.php?rest_route=\/wp\/v2\/pages\/6267\/revisions\/8264"}],"wp:attachment":[{"href":"https:\/\/kirche-immenhausen-espenau.de\/index.php?rest_route=%2Fwp%2Fv2%2Fmedia&parent=6267"}],"curies":[{"name":"wp","href":"https:\/\/api.w.org\/{rel}","templated":true}]}}