{"id":6252,"date":"2023-08-04T16:20:01","date_gmt":"2023-08-04T16:20:01","guid":{"rendered":"https:\/\/kirche-immenhausen-espenau.de\/?page_id=6252"},"modified":"2024-07-22T09:07:01","modified_gmt":"2024-07-22T09:07:01","slug":"familiengottesdienst-kirche-kunterbund","status":"publish","type":"page","link":"https:\/\/kirche-immenhausen-espenau.de\/?page_id=6252","title":{"rendered":"Familiengottesdienst &#8222;Kirche Kunterbunt&#8220;"},"content":{"rendered":"<p><img loading=\"lazy\" decoding=\"async\" class=\" wp-image-6425 alignright\" src=\"https:\/\/kirche-immenhausen-espenau.de\/wp-content\/uploads\/2023\/08\/Kunterbunt.jpg\" alt=\"\" width=\"401\" height=\"258\" \/>\u201eKirche Kunterbunt\u201c hei\u00dft das neue Format f\u00fcr Familiengottesdienste im Kirchspiel Immenhausen-Espenau. Was sich hinter diesem Begriff verbirgt, l\u00e4sst sich so beschreiben:<\/p>\n<p><span style=\"color: #000080;\"><strong>Kirche Kunterbunt ist&#8230;<\/strong><\/span><\/p>\n<p>f\u00fcr die ganze Familie &#8211;<br \/>\nso kreativ und lebensfroh wie Pippi Langstrumpf;<br \/>\nf\u00fcr Kinder mit Mamas, Papas, Omas, Opas,<br \/>\nTanten, Onkel, und und und &#8230;<\/p>\n<ol>\n<li><span style=\"color: #33cccc;\"><strong>Feier-Zeit<\/strong><\/span><\/li>\n<\/ol>\n<p>Staunen, Musik, Geschichten,<br \/>\nVerr\u00fccktes und Gedanken<br \/>\nzu Gott und der Welt.<\/p>\n<ol start=\"2\">\n<li><span style=\"color: #800080;\"><strong>Aktiv-Zeit<\/strong><\/span><\/li>\n<\/ol>\n<p>Stationen zum Toben,<br \/>\nKreativsein, Experimentieren.<\/p>\n<ol start=\"3\">\n<li><span style=\"color: #ffff00;\"><strong>Essens-Zeit<\/strong><\/span><\/li>\n<\/ol>\n<p>lecker, fr\u00f6hlich und mit viel Zeit<br \/>\nf\u00fcr Gespr\u00e4che und Austausch.<\/p>\n<p>Mehr ist zu erfahren auf dieser Homepage: <a href=\"https:\/\/www.kirche-kunterbunt.de\/verstehen\/was-ist-kirche-kunterbunt\/\">https:\/\/www.kirche-kunterbunt.de\/verstehen\/was-ist-kirche-kunterbunt\/<\/a><\/p>\n<p>Das n\u00e4chste \u201eKirche Kunterbunt\u201c findet statt<\/p>\n<p>Am Sonntag, den\u00a0 1.9..2024 von 11.00 Uhr bis ca. 14.00 Uhr.<\/p>\n<p>Es geht los in der Kirche in Hohenkirchen und dann weiter im Gemeindehaus.<\/p>\n<p>Thema: Das verlorene Schaf.<\/p>\n<p>Kontakt:<br \/>\nNina Marie Nadolny, Telefon <a href=\"tel:+4917620207733\">0176 20207733<\/a>, E-Mail: <a href=\"mailto:ninamarie.nadolny@ekkw.de\">ninamarie.nadolny(at)ekkw.de<\/a><\/p>\n","protected":false},"excerpt":{"rendered":"<p>\u201eKirche Kunterbunt\u201c hei\u00dft das neue Format f\u00fcr Familiengottesdienste im Kirchspiel Immenhausen-Espenau. Was sich hinter diesem Begriff verbirgt, l\u00e4sst sich so beschreiben: Kirche Kunterbunt ist&#8230; f\u00fcr die ganze Familie &#8211; so kreativ und lebensfroh wie Pippi Langstrumpf; f\u00fcr Kinder mit Mamas, Papas, Omas, Opas, Tanten, Onkel, und und und &#8230; Feier-Zeit Staunen, Musik, Geschichten, Verr\u00fccktes und&hellip;<\/p>\n","protected":false},"author":7,"featured_media":0,"parent":0,"menu_order":0,"comment_status":"closed","ping_status":"closed","template":"","meta":{"footnotes":""},"class_list":["post-6252","page","type-page","status-publish","hentry","description-off"],"publishpress_future_action":{"enabled":false,"date":"2026-05-13 13:04:02","action":"change-status","newStatus":"draft","terms":[],"taxonomy":"","extraData":[]},"publishpress_future_workflow_manual_trigger":{"enabledWorkflows":[]},"_links":{"self":[{"href":"https:\/\/kirche-immenhausen-espenau.de\/index.php?rest_route=\/wp\/v2\/pages\/6252","targetHints":{"allow":["GET"]}}],"collection":[{"href":"https:\/\/kirche-immenhausen-espenau.de\/index.php?rest_route=\/wp\/v2\/pages"}],"about":[{"href":"https:\/\/kirche-immenhausen-espenau.de\/index.php?rest_route=\/wp\/v2\/types\/page"}],"author":[{"embeddable":true,"href":"https:\/\/kirche-immenhausen-espenau.de\/index.php?rest_route=\/wp\/v2\/users\/7"}],"replies":[{"embeddable":true,"href":"https:\/\/kirche-immenhausen-espenau.de\/index.php?rest_route=%2Fwp%2Fv2%2Fcomments&post=6252"}],"version-history":[{"count":12,"href":"https:\/\/kirche-immenhausen-espenau.de\/index.php?rest_route=\/wp\/v2\/pages\/6252\/revisions"}],"predecessor-version":[{"id":7307,"href":"https:\/\/kirche-immenhausen-espenau.de\/index.php?rest_route=\/wp\/v2\/pages\/6252\/revisions\/7307"}],"wp:attachment":[{"href":"https:\/\/kirche-immenhausen-espenau.de\/index.php?rest_route=%2Fwp%2Fv2%2Fmedia&parent=6252"}],"curies":[{"name":"wp","href":"https:\/\/api.w.org\/{rel}","templated":true}]}}