{"id":6211,"date":"2023-08-04T09:44:55","date_gmt":"2023-08-04T09:44:55","guid":{"rendered":"https:\/\/kirche-immenhausen-espenau.de\/?page_id=6211"},"modified":"2025-06-29T08:16:19","modified_gmt":"2025-06-29T08:16:19","slug":"kirchengemeinden-in-espenau","status":"publish","type":"page","link":"https:\/\/kirche-immenhausen-espenau.de\/?page_id=6211","title":{"rendered":"Kir\u00adchen\u00adge\u00admein\u00adde Espenau"},"content":{"rendered":"<div class=\"wpb-content-wrapper\"><p>[vc_row][vc_column][vc_column_text]<\/p>\n<div id=\"content\" class=\"content\" role=\"main\">\n<p><img loading=\"lazy\" decoding=\"async\" class=\" wp-image-6215 alignright\" src=\"https:\/\/kirche-immenhausen-espenau.de\/wp-content\/uploads\/2023\/08\/4-Bilder-300x300.jpg\" alt=\"\" width=\"377\" height=\"377\" srcset=\"https:\/\/kirche-immenhausen-espenau.de\/wp-content\/uploads\/2023\/08\/4-Bilder-300x300.jpg 300w, https:\/\/kirche-immenhausen-espenau.de\/wp-content\/uploads\/2023\/08\/4-Bilder-150x150.jpg 150w, https:\/\/kirche-immenhausen-espenau.de\/wp-content\/uploads\/2023\/08\/4-Bilder-768x768.jpg 768w, https:\/\/kirche-immenhausen-espenau.de\/wp-content\/uploads\/2023\/08\/4-Bilder.jpg 900w\" sizes=\"auto, (max-width: 377px) 100vw, 377px\" \/>Das Dorf Hohenkirchen mit seiner weithin sichtbaren alten Kirche blickt auf eine lange Geschichte zur\u00fcck, in der die Kirchengemeinde stets ein wichtiger Faktor war. Die Kirchengemeinde M\u00f6nchehof dagegen ist vergleichsweise jung. Sie entstand 1907 nach Vollendung des Kirchbaus. Damit begann das Miteinander der beiden Kirchengemeinden, die damals zu einem Kirchspiel zusammengeschlossen wurden.<\/p>\n<p>Es folgten die Bildung der Gemeinde Espenau Anfang der 70er Jahre, die Errichtung der Pfarrstelle M\u00f6nchehof 1978, die 2018 wieder aufgehoben wurde. Die beiden Espenauer Kirchengemeinden wurden im selben Jahr mit Immenhausen und Mariendorf zum Kirchspiel Immenhausen-Espenau zusammengeschlossen. Die in Espenau \u00fcber lange Zeit gewachsene gute Zusammenarbeit wurde weiter vertieft und ausgebaut. Am 1. Januar 2025 haben sich die Kirchengemeinden Hohenkirchen und M\u00f6nchehof zur &#8222;Evangelischen Kirchengemeinde Espenau&#8220; vereinigt. Im Folgenden werden die ehemals selbst\u00e4ndigen Kirchengemeinden kurz vorgestellt.<\/p><\/div>\n<p>[\/vc_column_text][vc_accordion active_tab=&#8220;false&#8220; collapsible=&#8220;yes&#8220; style=&#8220;2&#8243;][vc_accordion_tab title=&#8220;Hohenkirchen&#8220;][vc_column_text css=&#8220;&#8220;]<\/p>\n<h6>Unsere Kirche, ein St\u00fcck Heimat<\/h6>\n<p><img loading=\"lazy\" decoding=\"async\" class=\" wp-image-6220 alignright\" src=\"https:\/\/kirche-immenhausen-espenau.de\/wp-content\/uploads\/2023\/08\/Hohenkirchen-Dorf-300x190.jpg\" alt=\"\" width=\"368\" height=\"233\" srcset=\"https:\/\/kirche-immenhausen-espenau.de\/wp-content\/uploads\/2023\/08\/Hohenkirchen-Dorf-300x190.jpg 300w, https:\/\/kirche-immenhausen-espenau.de\/wp-content\/uploads\/2023\/08\/Hohenkirchen-Dorf.jpg 524w\" sizes=\"auto, (max-width: 368px) 100vw, 368px\" \/><img loading=\"lazy\" decoding=\"async\" class=\" wp-image-6221 alignleft\" src=\"https:\/\/kirche-immenhausen-espenau.de\/wp-content\/uploads\/2023\/08\/Kirche-alt.jpg\" alt=\"\" width=\"195\" height=\"300\">Seit nicht ganz 1000 Jahren steht die Kirche hoch \u00fcber dem Ortsteil. Fast jeder Espenauer hat dieses markante Bauwerk t\u00e4glich im Blick. Und jeder sieht die Kirche mit anderen Augen. F\u00fcr die einen ist sie religi\u00f6se Heimat, andere f\u00fchlen sich nach l\u00e4ngerer Abwesenheit wieder zu Hause angekommen, wenn am Horizont die Silhouette der Kirche zu sehen ist. Unsere Kirche strahlt mit ihrer besonderen Lage auf dem Kirchberg wahrscheinlich f\u00fcr alle Einheimischen eine Atmosph\u00e4re von Heimat aus. Sie ist seit dem Mittelalter untrennbar mit dem Ort verbunden.<\/p>\n<p>Weitere interessante Informationen sind zu finden in einem <a href=\"https:\/\/kirche-immenhausen-espenau.de\/wp-content\/uploads\/2023\/08\/20_11_15_Webseite_Text_50-Jahre-Espenau-mit-Fotos2626.pdf\">Beitrag zur Espenauer Chronik<\/a> anl\u00e4sslich des Jubil\u00e4ums &#8222;50 Jahre Espenau&#8220;.[\/vc_column_text][\/vc_accordion_tab][vc_accordion_tab title=&#8220;M\u00f6nchehof&#8220;][vc_column_text css=&#8220;&#8220;]<img loading=\"lazy\" decoding=\"async\" class=\" wp-image-6233 alignleft\" src=\"https:\/\/kirche-immenhausen-espenau.de\/wp-content\/uploads\/2023\/08\/Kirche-alt-2-300x196.jpg\" alt=\"\" width=\"390\" height=\"254\" srcset=\"https:\/\/kirche-immenhausen-espenau.de\/wp-content\/uploads\/2023\/08\/Kirche-alt-2-300x196.jpg 300w, https:\/\/kirche-immenhausen-espenau.de\/wp-content\/uploads\/2023\/08\/Kirche-alt-2-1024x667.jpg 1024w, https:\/\/kirche-immenhausen-espenau.de\/wp-content\/uploads\/2023\/08\/Kirche-alt-2-768x501.jpg 768w, https:\/\/kirche-immenhausen-espenau.de\/wp-content\/uploads\/2023\/08\/Kirche-alt-2-1536x1001.jpg 1536w, https:\/\/kirche-immenhausen-espenau.de\/wp-content\/uploads\/2023\/08\/Kirche-alt-2.jpg 1786w\" sizes=\"auto, (max-width: 390px) 100vw, 390px\" \/><img loading=\"lazy\" decoding=\"async\" class=\" wp-image-6231 alignright\" src=\"https:\/\/kirche-immenhausen-espenau.de\/wp-content\/uploads\/2023\/08\/GZ-Moenchehof-300x200.jpg\" alt=\"\" width=\"392\" height=\"261\" srcset=\"https:\/\/kirche-immenhausen-espenau.de\/wp-content\/uploads\/2023\/08\/GZ-Moenchehof-300x200.jpg 300w, https:\/\/kirche-immenhausen-espenau.de\/wp-content\/uploads\/2023\/08\/GZ-Moenchehof-1024x684.jpg 1024w, https:\/\/kirche-immenhausen-espenau.de\/wp-content\/uploads\/2023\/08\/GZ-Moenchehof-768x513.jpg 768w, https:\/\/kirche-immenhausen-espenau.de\/wp-content\/uploads\/2023\/08\/GZ-Moenchehof-1536x1026.jpg 1536w, https:\/\/kirche-immenhausen-espenau.de\/wp-content\/uploads\/2023\/08\/GZ-Moenchehof.jpg 1714w\" sizes=\"auto, (max-width: 392px) 100vw, 392px\" \/>Auch M\u00f6nchehof hat eine stolze Geschichte, die \u00fcber eine lange Zeit verbunden war mit dem Kloster Hardehausen bei Warburg. Als Klosterhof geh\u00f6rte M\u00f6nchehof zu dessen Besitzungen. Diese Verbindung endete mit Einf\u00fchrung der Reformation in Hessen. Aus dem Klosterhof wurde eine Dom\u00e4ne, die zu einer Siedlung heranwuchs, als Mitte des 19. Jahrhunderts die Bahnlinie Kassel-Karlshafen gebaut wurde. Kirchlich verbunden war M\u00f6nchehof bis zur Vollendung des Kirchbaus 1907 mit Obervellmar, dann wurde die Kirchengemeinde M\u00f6nchehof Filialgemeinde von Hohenkirchen bis zur Errichtung der Pfarrstelle M\u00f6nchehof, die 2018 wieder aufgehoben wurde. In dieser Zeit wurde aus der kleinen Kirche und dem schlichten Gemeindesaal ein Gemeindezentrum mit verschiedenen R\u00e4umen f\u00fcr die Gemeindearbeit und f\u00fcr verschiedene Gastgruppen. Au\u00dferdem wird das Gemeindehaus gern f\u00fcr Familienfeiern genutzt.<\/p>\n<p>Weitere interessante Informationen finden Sie in der <a href=\"https:\/\/kirche-immenhausen-espenau.de\/wp-content\/uploads\/2023\/08\/Festschrift.pdf\">Festschrift zum 100sten Kirchweihjubil\u00e4um<\/a>.[\/vc_column_text][\/vc_accordion_tab][vc_accordion_tab title=&#8220;Pfarrstelleninhaber&#8220;][vc_column_text]Holger Hermann<\/p>\n<p>Stationen des Lebens:<\/p>\n<p>Geboren in L\u00fcneburg, aufgewachsen in Solingen, Morschen und Spangenberg.<\/p>\n<p>Abitur im Dezember 1980 in Melsungen<br \/>\nStudium der Evangelischen Theologie in Wuppertal und T\u00fcbingen<br \/>\nVikariat in Schl\u00fcchtern<br \/>\nOrdination 1991 in Niedervellmar<\/p>\n<p>1991 bis 1992 Auslandsvikariat in Athen<br \/>\n1992 bis 1999 Pfarrer in Sinntal-Neuengronau<br \/>\n1999 bis 2004 Pfarrer in Bad Sooden-Allendorf<br \/>\n2004 bis 2018 Pfarrer in Hohenkirchen<br \/>\nSeit 1. M\u00e4rz 2018 Pfarrer in Espenau<\/p>\n<p>Verheiratet, zwei erwachsene Kinder<\/p>\n<p>Ver\u00f6ffentlichungen:<br \/>\nAus fuldischen Handschriften: Fragment einer Hieronymus-Handschrift, in: Archiv f\u00fcr Mittelrheinische Kirchengeschichte, 56. Jahrgang, Mainz 2004, S. 417-431<br \/>\nGott schauen. Predigten, BoD-Books on Demand, Norderstedt 2020, ISBN 9783752646818[\/vc_column_text][\/vc_accordion_tab][\/vc_accordion][\/vc_column][\/vc_row]<\/p>\n<\/div>","protected":false},"excerpt":{"rendered":"<p>[vc_row][vc_column][vc_column_text] Das Dorf Hohenkirchen mit seiner weithin sichtbaren alten Kirche blickt auf eine lange Geschichte zur\u00fcck, in der die Kirchengemeinde stets ein wichtiger Faktor war. Die Kirchengemeinde M\u00f6nchehof dagegen ist vergleichsweise jung. Sie entstand 1907 nach Vollendung des Kirchbaus. Damit begann das Miteinander der beiden Kirchengemeinden, die damals zu einem Kirchspiel zusammengeschlossen wurden. Es folgten&hellip;<\/p>\n","protected":false},"author":7,"featured_media":0,"parent":0,"menu_order":0,"comment_status":"closed","ping_status":"closed","template":"","meta":{"footnotes":""},"class_list":["post-6211","page","type-page","status-publish","hentry","description-off"],"publishpress_future_action":{"enabled":false,"date":"2026-05-09 07:14:44","action":"change-status","newStatus":"draft","terms":[],"taxonomy":"","extraData":[]},"publishpress_future_workflow_manual_trigger":{"enabledWorkflows":[]},"_links":{"self":[{"href":"https:\/\/kirche-immenhausen-espenau.de\/index.php?rest_route=\/wp\/v2\/pages\/6211","targetHints":{"allow":["GET"]}}],"collection":[{"href":"https:\/\/kirche-immenhausen-espenau.de\/index.php?rest_route=\/wp\/v2\/pages"}],"about":[{"href":"https:\/\/kirche-immenhausen-espenau.de\/index.php?rest_route=\/wp\/v2\/types\/page"}],"author":[{"embeddable":true,"href":"https:\/\/kirche-immenhausen-espenau.de\/index.php?rest_route=\/wp\/v2\/users\/7"}],"replies":[{"embeddable":true,"href":"https:\/\/kirche-immenhausen-espenau.de\/index.php?rest_route=%2Fwp%2Fv2%2Fcomments&post=6211"}],"version-history":[{"count":32,"href":"https:\/\/kirche-immenhausen-espenau.de\/index.php?rest_route=\/wp\/v2\/pages\/6211\/revisions"}],"predecessor-version":[{"id":7795,"href":"https:\/\/kirche-immenhausen-espenau.de\/index.php?rest_route=\/wp\/v2\/pages\/6211\/revisions\/7795"}],"wp:attachment":[{"href":"https:\/\/kirche-immenhausen-espenau.de\/index.php?rest_route=%2Fwp%2Fv2%2Fmedia&parent=6211"}],"curies":[{"name":"wp","href":"https:\/\/api.w.org\/{rel}","templated":true}]}}

<div class="wpb-content-wrapper"><p>[vc_row][vc_column][vc_column_text]</p>
<div id="content" class="content" role="main">
<p><img loading="lazy" decoding="async" class=" wp-image-6215 alignright" src="https://kirche-immenhausen-espenau.de/wp-content/uploads/2023/08/4-Bilder-300x300.jpg" alt="" width="377" height="377" srcset="https://kirche-immenhausen-espenau.de/wp-content/uploads/2023/08/4-Bilder-300x300.jpg 300w, https://kirche-immenhausen-espenau.de/wp-content/uploads/2023/08/4-Bilder-150x150.jpg 150w, https://kirche-immenhausen-espenau.de/wp-content/uploads/2023/08/4-Bilder-768x768.jpg 768w, https://kirche-immenhausen-espenau.de/wp-content/uploads/2023/08/4-Bilder.jpg 900w" sizes="auto, (max-width: 377px) 100vw, 377px" />Das Dorf Hohenkirchen mit seiner weithin sichtbaren alten Kirche blickt auf eine lange Geschichte zurück, in der die Kirchengemeinde stets ein wichtiger Faktor war. Die Kirchengemeinde Mönchehof dagegen ist vergleichsweise jung. Sie entstand 1907 nach Vollendung des Kirchbaus. Damit begann das Miteinander der beiden Kirchengemeinden, die damals zu einem Kirchspiel zusammengeschlossen wurden.</p>
<p>Es folgten die Bildung der Gemeinde Espenau Anfang der 70er Jahre, die Errichtung der Pfarrstelle Mönchehof 1978, die 2018 wieder aufgehoben wurde. Die beiden Espenauer Kirchengemeinden wurden im selben Jahr mit Immenhausen und Mariendorf zum Kirchspiel Immenhausen-Espenau zusammengeschlossen. Die in Espenau über lange Zeit gewachsene gute Zusammenarbeit wurde weiter vertieft und ausgebaut. Am 1. Januar 2025 haben sich die Kirchengemeinden Hohenkirchen und Mönchehof zur &#8222;Evangelischen Kirchengemeinde Espenau&#8220; vereinigt. Im Folgenden werden die ehemals selbständigen Kirchengemeinden kurz vorgestellt.</p></div>
<p>[/vc_column_text][vc_accordion active_tab=&#8220;false&#8220; collapsible=&#8220;yes&#8220; style=&#8220;2&#8243;][vc_accordion_tab title=&#8220;Hohenkirchen&#8220;][vc_column_text css=&#8220;&#8220;]</p>
<h6>Unsere Kirche, ein Stück Heimat</h6>
<p><img loading="lazy" decoding="async" class=" wp-image-6220 alignright" src="https://kirche-immenhausen-espenau.de/wp-content/uploads/2023/08/Hohenkirchen-Dorf-300x190.jpg" alt="" width="368" height="233" srcset="https://kirche-immenhausen-espenau.de/wp-content/uploads/2023/08/Hohenkirchen-Dorf-300x190.jpg 300w, https://kirche-immenhausen-espenau.de/wp-content/uploads/2023/08/Hohenkirchen-Dorf.jpg 524w" sizes="auto, (max-width: 368px) 100vw, 368px" /><img loading="lazy" decoding="async" class=" wp-image-6221 alignleft" src="https://kirche-immenhausen-espenau.de/wp-content/uploads/2023/08/Kirche-alt.jpg" alt="" width="195" height="300">Seit nicht ganz 1000 Jahren steht die Kirche hoch über dem Ortsteil. Fast jeder Espenauer hat dieses markante Bauwerk täglich im Blick. Und jeder sieht die Kirche mit anderen Augen. Für die einen ist sie religiöse Heimat, andere fühlen sich nach längerer Abwesenheit wieder zu Hause angekommen, wenn am Horizont die Silhouette der Kirche zu sehen ist. Unsere Kirche strahlt mit ihrer besonderen Lage auf dem Kirchberg wahrscheinlich für alle Einheimischen eine Atmosphäre von Heimat aus. Sie ist seit dem Mittelalter untrennbar mit dem Ort verbunden.</p>
<p>Weitere interessante Informationen sind zu finden in einem <a href="https://kirche-immenhausen-espenau.de/wp-content/uploads/2023/08/20_11_15_Webseite_Text_50-Jahre-Espenau-mit-Fotos2626.pdf">Beitrag zur Espenauer Chronik</a> anlässlich des Jubiläums &#8222;50 Jahre Espenau&#8220;.[/vc_column_text][/vc_accordion_tab][vc_accordion_tab title=&#8220;Mönchehof&#8220;][vc_column_text css=&#8220;&#8220;]<img loading="lazy" decoding="async" class=" wp-image-6233 alignleft" src="https://kirche-immenhausen-espenau.de/wp-content/uploads/2023/08/Kirche-alt-2-300x196.jpg" alt="" width="390" height="254" srcset="https://kirche-immenhausen-espenau.de/wp-content/uploads/2023/08/Kirche-alt-2-300x196.jpg 300w, https://kirche-immenhausen-espenau.de/wp-content/uploads/2023/08/Kirche-alt-2-1024x667.jpg 1024w, https://kirche-immenhausen-espenau.de/wp-content/uploads/2023/08/Kirche-alt-2-768x501.jpg 768w, https://kirche-immenhausen-espenau.de/wp-content/uploads/2023/08/Kirche-alt-2-1536x1001.jpg 1536w, https://kirche-immenhausen-espenau.de/wp-content/uploads/2023/08/Kirche-alt-2.jpg 1786w" sizes="auto, (max-width: 390px) 100vw, 390px" /><img loading="lazy" decoding="async" class=" wp-image-6231 alignright" src="https://kirche-immenhausen-espenau.de/wp-content/uploads/2023/08/GZ-Moenchehof-300x200.jpg" alt="" width="392" height="261" srcset="https://kirche-immenhausen-espenau.de/wp-content/uploads/2023/08/GZ-Moenchehof-300x200.jpg 300w, https://kirche-immenhausen-espenau.de/wp-content/uploads/2023/08/GZ-Moenchehof-1024x684.jpg 1024w, https://kirche-immenhausen-espenau.de/wp-content/uploads/2023/08/GZ-Moenchehof-768x513.jpg 768w, https://kirche-immenhausen-espenau.de/wp-content/uploads/2023/08/GZ-Moenchehof-1536x1026.jpg 1536w, https://kirche-immenhausen-espenau.de/wp-content/uploads/2023/08/GZ-Moenchehof.jpg 1714w" sizes="auto, (max-width: 392px) 100vw, 392px" />Auch Mönchehof hat eine stolze Geschichte, die über eine lange Zeit verbunden war mit dem Kloster Hardehausen bei Warburg. Als Klosterhof gehörte Mönchehof zu dessen Besitzungen. Diese Verbindung endete mit Einführung der Reformation in Hessen. Aus dem Klosterhof wurde eine Domäne, die zu einer Siedlung heranwuchs, als Mitte des 19. Jahrhunderts die Bahnlinie Kassel-Karlshafen gebaut wurde. Kirchlich verbunden war Mönchehof bis zur Vollendung des Kirchbaus 1907 mit Obervellmar, dann wurde die Kirchengemeinde Mönchehof Filialgemeinde von Hohenkirchen bis zur Errichtung der Pfarrstelle Mönchehof, die 2018 wieder aufgehoben wurde. In dieser Zeit wurde aus der kleinen Kirche und dem schlichten Gemeindesaal ein Gemeindezentrum mit verschiedenen Räumen für die Gemeindearbeit und für verschiedene Gastgruppen. Außerdem wird das Gemeindehaus gern für Familienfeiern genutzt.</p>
<p>Weitere interessante Informationen finden Sie in der <a href="https://kirche-immenhausen-espenau.de/wp-content/uploads/2023/08/Festschrift.pdf">Festschrift zum 100sten Kirchweihjubiläum</a>.[/vc_column_text][/vc_accordion_tab][vc_accordion_tab title=&#8220;Pfarrstelleninhaber&#8220;][vc_column_text]Holger Hermann</p>
<p>Stationen des Lebens:</p>
<p>Geboren in Lüneburg, aufgewachsen in Solingen, Morschen und Spangenberg.</p>
<p>Abitur im Dezember 1980 in Melsungen<br />
Studium der Evangelischen Theologie in Wuppertal und Tübingen<br />
Vikariat in Schlüchtern<br />
Ordination 1991 in Niedervellmar</p>
<p>1991 bis 1992 Auslandsvikariat in Athen<br />
1992 bis 1999 Pfarrer in Sinntal-Neuengronau<br />
1999 bis 2004 Pfarrer in Bad Sooden-Allendorf<br />
2004 bis 2018 Pfarrer in Hohenkirchen<br />
Seit 1. März 2018 Pfarrer in Espenau</p>
<p>Verheiratet, zwei erwachsene Kinder</p>
<p>Veröffentlichungen:<br />
Aus fuldischen Handschriften: Fragment einer Hieronymus-Handschrift, in: Archiv für Mittelrheinische Kirchengeschichte, 56. Jahrgang, Mainz 2004, S. 417-431<br />
Gott schauen. Predigten, BoD-Books on Demand, Norderstedt 2020, ISBN 9783752646818[/vc_column_text][/vc_accordion_tab][/vc_accordion][/vc_column][/vc_row]</p>
</div>

<p>[vc_row][vc_column][vc_column_text] Das Dorf Hohenkirchen mit seiner weithin sichtbaren alten Kirche blickt auf eine lange Geschichte zurück, in der die Kirchengemeinde stets ein wichtiger Faktor war. Die Kirchengemeinde Mönchehof dagegen ist vergleichsweise jung. Sie entstand 1907 nach Vollendung des Kirchbaus. Damit begann das Miteinander der beiden Kirchengemeinden, die damals zu einem Kirchspiel zusammengeschlossen wurden. Es folgten&hellip;</p>
