{"id":5028,"date":"2022-08-12T15:04:41","date_gmt":"2022-08-12T15:04:41","guid":{"rendered":"https:\/\/kirche-immenhausen-espenau.de\/?page_id=5028"},"modified":"2026-02-13T20:37:39","modified_gmt":"2026-02-13T20:37:39","slug":"konfirmandenzeit","status":"publish","type":"page","link":"https:\/\/kirche-immenhausen-espenau.de\/?page_id=5028","title":{"rendered":"Konfirmandenzeit"},"content":{"rendered":"<div class=\"wpb-content-wrapper\"><p>[vc_row][vc_column][vc_column_text css=&#8220;&#8220;]<\/p>\r\n<p><img loading=\"lazy\" decoding=\"async\" class=\" wp-image-5036 alignright\" src=\"https:\/\/kirche-immenhausen-espenau.de\/wp-content\/uploads\/2022\/08\/Konfis-300x199.jpg\" alt=\"\" width=\"410\" height=\"272\" srcset=\"https:\/\/kirche-immenhausen-espenau.de\/wp-content\/uploads\/2022\/08\/Konfis-300x199.jpg 300w, https:\/\/kirche-immenhausen-espenau.de\/wp-content\/uploads\/2022\/08\/Konfis-1024x678.jpg 1024w, https:\/\/kirche-immenhausen-espenau.de\/wp-content\/uploads\/2022\/08\/Konfis-768x508.jpg 768w, https:\/\/kirche-immenhausen-espenau.de\/wp-content\/uploads\/2022\/08\/Konfis-391x260.jpg 391w, https:\/\/kirche-immenhausen-espenau.de\/wp-content\/uploads\/2022\/08\/Konfis.jpg 1280w\" sizes=\"auto, (max-width: 410px) 100vw, 410px\" \/><\/p>\r\n<p>Der n\u00e4chste Jahrgang (2026\/27) startet f\u00fcr <strong>Espenau<\/strong> mit einem <strong>Info- und Anmeldeabend am Donnerstag, 26. Februar<\/strong> in der e<strong>vangelischen Kirche in Espenau-Hohenkirchen (Am Kirchberg 1)<\/strong>.<\/p>\r\n<p>F\u00fcr die Immenh\u00e4user Jugendlichen wird die Einladung und Anmeldung zu einem sp\u00e4teren Zeitpunkt erfolgen.<\/p>\r\n<p>Dieser Jahrgang wird nach Ostern 2027 jeweils in den Ortskirchen konfirmiert.<\/p>\r\n<p>&nbsp;<\/p>\r\n<p>Geplant ist, dass der Unterricht f\u00fcr Espenau ab dem 5. Mai 2026 w\u00f6chentlich (dienstags) stattfindet.<\/p>\r\n<p>&nbsp;<\/p>\r\n<p>Die <a href=\"https:\/\/kirche-immenhausen-espenau.de\/wp-content\/uploads\/2026\/02\/Anmeldung-Konfirmandenunterricht-2027.pdf\">Anmeldung<\/a> und die <a href=\"https:\/\/kirche-immenhausen-espenau.de\/wp-content\/uploads\/2026\/02\/Konfis_Ameldung_Datenschutz_IHS-ESP-1-1.pdf\">Datenschutzerkl\u00e4rung<\/a> k\u00f6nnen \u00fcber die Links heruntergeladen werden.<\/p>\r\n<p>Die Konfirmandenzeit und die Konfirmation sind ein evangelisches Markenzeichen, das im 16. Jahrhundert in Hessen entstanden ist, um der bewussten Entscheidung f\u00fcr den Glauben einen Ort zu geben.<\/p>\r\n<p>Die Kirchengemeinden des Kirchspiels Immenhausen-Espenau haben f\u00fcr die Konfirmandenzeit ein gemeinsames Konzept erarbeitet.<\/p>\r\n<p>Leitend ist f\u00fcr das Konzept der Gedanke, dass die Konfirmandenzeit eine Zeit gemeinsamer Erfahrungen mit dem Glauben in der Kirchengemeinde sein soll.<\/p>\r\n<p>Zu den Grunddaten der Konfirmandenzeit geh\u00f6rt, dass sie etwa ein Jahr dauert und\u00a0 in der Regel im 7. Schuljahr beginnt. Die Konfirmation wird dann zwischen Ostern und Pfingsten im darauffolgenden Jahr gefeiert.<\/p>\r\n<p>Die Anmeldung zur Konfirmandenzeit wird auf verschiedenen Wegen (Brief, Homepage, Mitteilungsbl\u00e4tter) fr\u00fchzeitig bekannt gemacht.<\/p>\r\n<p>Das wichtigste Ziel der Konfirmandenzeit ist erreicht, wenn sich die Jugendlichen und ihren Familien gern an diese besondere Zeit erinnern.<\/p>\r\n<p>&nbsp;<\/p>\r\n<p>\u00a0<\/p>\r\n\r\n<p>&nbsp;<\/p>\r\n<p>[\/vc_column_text][\/vc_column][\/vc_row]<\/p><\/div>","protected":false},"excerpt":{"rendered":"<p>[vc_row][vc_column][vc_column_text css=&#8220;&#8220;] Der n\u00e4chste Jahrgang (2026\/27) startet f\u00fcr Espenau mit einem Info- und Anmeldeabend am Donnerstag, 26. Februar in der evangelischen Kirche in Espenau-Hohenkirchen (Am Kirchberg 1). F\u00fcr die Immenh\u00e4user Jugendlichen wird die Einladung und Anmeldung zu einem sp\u00e4teren Zeitpunkt erfolgen. Dieser Jahrgang wird nach Ostern 2027 jeweils in den Ortskirchen konfirmiert. &nbsp; Geplant ist,&hellip;<\/p>\n","protected":false},"author":7,"featured_media":0,"parent":0,"menu_order":0,"comment_status":"closed","ping_status":"closed","template":"","meta":{"footnotes":""},"class_list":["post-5028","page","type-page","status-publish","hentry","description-off"],"publishpress_future_action":{"enabled":false,"date":"2026-05-13 13:04:09","action":"change-status","newStatus":"draft","terms":[],"taxonomy":"","extraData":[]},"publishpress_future_workflow_manual_trigger":{"enabledWorkflows":[]},"_links":{"self":[{"href":"https:\/\/kirche-immenhausen-espenau.de\/index.php?rest_route=\/wp\/v2\/pages\/5028","targetHints":{"allow":["GET"]}}],"collection":[{"href":"https:\/\/kirche-immenhausen-espenau.de\/index.php?rest_route=\/wp\/v2\/pages"}],"about":[{"href":"https:\/\/kirche-immenhausen-espenau.de\/index.php?rest_route=\/wp\/v2\/types\/page"}],"author":[{"embeddable":true,"href":"https:\/\/kirche-immenhausen-espenau.de\/index.php?rest_route=\/wp\/v2\/users\/7"}],"replies":[{"embeddable":true,"href":"https:\/\/kirche-immenhausen-espenau.de\/index.php?rest_route=%2Fwp%2Fv2%2Fcomments&post=5028"}],"version-history":[{"count":37,"href":"https:\/\/kirche-immenhausen-espenau.de\/index.php?rest_route=\/wp\/v2\/pages\/5028\/revisions"}],"predecessor-version":[{"id":8218,"href":"https:\/\/kirche-immenhausen-espenau.de\/index.php?rest_route=\/wp\/v2\/pages\/5028\/revisions\/8218"}],"wp:attachment":[{"href":"https:\/\/kirche-immenhausen-espenau.de\/index.php?rest_route=%2Fwp%2Fv2%2Fmedia&parent=5028"}],"curies":[{"name":"wp","href":"https:\/\/api.w.org\/{rel}","templated":true}]}}