{"id":4824,"date":"2022-07-28T07:27:36","date_gmt":"2022-07-28T07:27:36","guid":{"rendered":"https:\/\/kirche-immenhausen-espenau.de\/?page_id=4824"},"modified":"2023-09-27T18:13:24","modified_gmt":"2023-09-27T18:13:24","slug":"kinder-und-familiengottesdienst","status":"publish","type":"page","link":"https:\/\/kirche-immenhausen-espenau.de\/?page_id=4824","title":{"rendered":"Familiengottesdienst in Espenau"},"content":{"rendered":"<h4>Mit Kindern neu Anfangen<\/h4>\n<p><img loading=\"lazy\" decoding=\"async\" class=\" wp-image-6339 alignright\" src=\"https:\/\/kirche-immenhausen-espenau.de\/wp-content\/uploads\/2023\/08\/Kinder-300x251.jpg\" alt=\"\" width=\"385\" height=\"322\" srcset=\"https:\/\/kirche-immenhausen-espenau.de\/wp-content\/uploads\/2023\/08\/Kinder-300x251.jpg 300w, https:\/\/kirche-immenhausen-espenau.de\/wp-content\/uploads\/2023\/08\/Kinder.jpg 360w\" sizes=\"auto, (max-width: 385px) 100vw, 385px\" \/>Die Ursprungsidee des Projektes \u201eMit Kindern neu anfangen\u201c war eine Taufbegleitung f\u00fcr alle T\u00e4uflinge der Kirchengemeinden M\u00f6nchehof und Hohenkirchen. \u00dcber f\u00fcnf Jahre wird der T\u00e4ufling mit einer kleinen \u00dcberraschung an seinen Tauftag und dessen Bedeutung erinnert. Daraus entwickelte sich unser viermal j\u00e4hrlich stattfindender Familiengottesdienst, und offene Spielenachmittage.<\/p>\n<p>Termine der Familiengottesdienste:\u00a0Ostersonntag *1.Sonntag im Juni * 1.Sonntag im September * 1.Advent<\/p>\n<p>Ansprechpartnerin: Christiane Litschewski, Telefon <a href=\"tel:+4956736165\">05673 6165<\/a>, E-Mail: <a href=\"mailto:christiane.litschewski@ekkw.de\">christiane.litschewski(at)ekkw.de<\/a><\/p>\n","protected":false},"excerpt":{"rendered":"<p>Mit Kindern neu Anfangen Die Ursprungsidee des Projektes \u201eMit Kindern neu anfangen\u201c war eine Taufbegleitung f\u00fcr alle T\u00e4uflinge der Kirchengemeinden M\u00f6nchehof und Hohenkirchen. \u00dcber f\u00fcnf Jahre wird der T\u00e4ufling mit einer kleinen \u00dcberraschung an seinen Tauftag und dessen Bedeutung erinnert. Daraus entwickelte sich unser viermal j\u00e4hrlich stattfindender Familiengottesdienst, und offene Spielenachmittage. Termine der Familiengottesdienste:\u00a0Ostersonntag *1.Sonntag&hellip;<\/p>\n","protected":false},"author":7,"featured_media":0,"parent":0,"menu_order":0,"comment_status":"closed","ping_status":"closed","template":"","meta":{"footnotes":""},"class_list":["post-4824","page","type-page","status-publish","hentry","description-off"],"publishpress_future_action":{"enabled":false,"date":"2026-05-13 14:23:41","action":"change-status","newStatus":"draft","terms":[],"taxonomy":"","extraData":[]},"publishpress_future_workflow_manual_trigger":{"enabledWorkflows":[]},"_links":{"self":[{"href":"https:\/\/kirche-immenhausen-espenau.de\/index.php?rest_route=\/wp\/v2\/pages\/4824","targetHints":{"allow":["GET"]}}],"collection":[{"href":"https:\/\/kirche-immenhausen-espenau.de\/index.php?rest_route=\/wp\/v2\/pages"}],"about":[{"href":"https:\/\/kirche-immenhausen-espenau.de\/index.php?rest_route=\/wp\/v2\/types\/page"}],"author":[{"embeddable":true,"href":"https:\/\/kirche-immenhausen-espenau.de\/index.php?rest_route=\/wp\/v2\/users\/7"}],"replies":[{"embeddable":true,"href":"https:\/\/kirche-immenhausen-espenau.de\/index.php?rest_route=%2Fwp%2Fv2%2Fcomments&post=4824"}],"version-history":[{"count":10,"href":"https:\/\/kirche-immenhausen-espenau.de\/index.php?rest_route=\/wp\/v2\/pages\/4824\/revisions"}],"predecessor-version":[{"id":6655,"href":"https:\/\/kirche-immenhausen-espenau.de\/index.php?rest_route=\/wp\/v2\/pages\/4824\/revisions\/6655"}],"wp:attachment":[{"href":"https:\/\/kirche-immenhausen-espenau.de\/index.php?rest_route=%2Fwp%2Fv2%2Fmedia&parent=4824"}],"curies":[{"name":"wp","href":"https:\/\/api.w.org\/{rel}","templated":true}]}}